uppose 0 = -u - 4, 6*r + u + 64 = 11*r. What is the remainder when 208 is divided by r?
4
Let j(l) = 6*l**2 + 4*l - 5. Suppose 7 = v - u, 2*u + 12 = -2*u. What is the remainder when j(v) is divided by 22?
19
Let j(a) = 28*a + 13. Let p(m) = 14*m + 7. Let b(k) = 6*j(k) - 11*p(k). What is the remainder when b(5) is divided by ((-2)/(-3))/(4/150)?
21
Let p(a) = -a**2 + 8*a + 6. Suppose 0*h = 2*h - 14. Let d be p(h). Suppose 3*s - d = 4*l - 98, 2*s = -4*l + 90. Calculate the remainder when 41 is divided by l.
19
Calculate the remainder when 290 is divided by 5 + (11 - (11 + -10)).
5
Let w = 4 - 3. Let y be -1*(12/4 + -3) - -5. Let d = w + y. Calculate the remainder when 17 is divided by d.
5
Suppose -t = 3*t - 32. Let l = -36 - -39. Suppose -r + 39 = 5*y, -l*r + 0*y + 5*y + 77 = 0. What is the remainder when r is divided by t?
5
Let p = -376 - -384. What is the remainder when 22 is divided by p?
6
Suppose 4*p - 12 = -4. Suppose 0*l = -w - 2*l - 1, 4 = -p*l. Suppose 5*h = w*q + 103, 2*h - 3*q + 127 = 7*h. What is the remainder when h is divided by 8?
7
Let j = 15524 + -15496. Calculate the remainder when 4/14 + (-362)/(-7) is divided by j.
24
Suppose -26 = -2*p + 16. Suppose 19 = 2*r - p. Let j = 158 - 147. Calculate the remainder when r is divided by j.
9
Suppose -x + 126 = 2*k, -4*k - k + 300 = -5*x. What is the remainder when k is divided by 8?
6
Let c = 10 + -17. Let n(k) = -5*k - 17. Calculate the remainder when n(c) is divided by ((-1)/2)/(7/(-56)).
2
Let y be (-30)/(-45) - 4/(-3). What is the remainder when 91 is divided by y/11 + 2 + 317/11?
29
Let a(i) = 13*i + 134. What is the remainder when 503 is divided by a(-6)?
55
Suppose 2*s + 3*k - 4 + 11 = 0, -4*k = -s + 13. Let h(t) = 34*t + 18*t + 5*t. Calculate the remainder when h(s) is divided by 20.
17
Let m(p) = -61*p - 247. What is the remainder when m(-9) is divided by 77?
71
Suppose -5*x - 2*h + 7 - 27 = 0, -25 = 5*x + h. Let z(r) = -7*r - 8. Calculate the remainder when z(x) is divided by 7.
6
Let r(a) = 2*a - 8. Let j be r(5). Suppose -4*h + j*v - 3*v = -16, -18 = -2*h + 2*v. Calculate the remainder when 24 is divided by h.
4
Let l = -243 + 337. Calculate the remainder when l is divided by 9.
4
What is the remainder when 496/3 - 184/138 is divided by 21?
17
Let c(q) = 2*q - 30. Let u be c(15). Suppose 3*t - 2*t - 7 = u. Calculate the remainder when 26 is divided by t.
5
Suppose -34 = -8*n + 7*n. Calculate the remainder when 136 is divided by n.
0
Let v be (11/22)/(2/(-12)). Let d(i) = -i**3 - i**2 + 3*i - 1. Calculate the remainder when 14 is divided by d(v).
6
Let l(g) = 3*g**2 - 75*g - 47. What is the remainder when 338 is divided by l(26)?
28
Suppose 8*l + 374 = 1014. Calculate the remainder when l is divided by 17.
12
Suppose -3*y + 174 + 41 = -4*u, 0 = u + 4*y + 68. Let g = 59 + u. What is the remainder when g is divided by 3?
0
Let t = 1 + 14. Suppose 0 = -3*s - 2*x + 97, 30*x = 26*x + 20. Calculate the remainder when s is divided by t.
14
Let g(s) = -s**2 + 23*s - 94. Suppose -k + 5*k - 44 = 0. Calculate the remainder when g(13) is divided by k.
3
Suppose 0 = -6*f + 14*f - 864. Suppose h - 3 = 2. Suppose -h*t + f = -t. Calculate the remainder when 50 is divided by t.
23
Let b = 0 - -11. Let c(r) = -9*r + 115. Let k(y) = -2*y + 23. Let g(w) = 2*c(w) - 11*k(w). Calculate the remainder when g(b) is divided by 11.
10
Let k(a) = -2*a**2 - 3*a - 4. Let d = 8 - 5. Let h be k(d). Let n = h - -46. What is the remainder when 26 is divided by n?
11
Let c = 160 + -68. What is the remainder when c is divided by 12?
8
Let q(p) = -p**3 + 5*p**2 - 2*p. Let t be q(-7). Suppose -13*j + t = 30. What is the remainder when j is divided by 16?
12
Calculate the remainder when (275/(-22))/((-2)/32) + 3 is divided by 16.
11
Suppose 5*m + u = 625, -3*m = -5*u - 468 + 121. What is the remainder when m is divided by 20?
4
Let h(g) = 3*g - 7. Suppose 5*m - 48 = -4*f + m, -3*m = -5*f + 44. Calculate the remainder when h(15) is divided by f.
8
Suppose 0 = 7*t - 14*t + 1155. Let g(p) = p + 42. What is the remainder when t is divided by g(0)?
39
Let c(o) = -29*o + 6. Let x(y) = -87*y + 17. Let s(l) = 11*c(l) - 4*x(l). Calculate the remainder when s(1) is divided by 14.
13
Suppose -u + 6*u = 25. Let t(l) = -5*l - 7. Let x be t(13). Let c = 74 + x. Calculate the remainder when u is divided by c.
1
Suppose 3 = 3*w - 6. Calculate the remainder when 23 is divided by 2/w + (-175)/(-21).
5
Suppose 4*m - 30 = 50. Suppose 2*i - 19 = -3*o, 0*o - 2*o + 2*i - 4 = 0. Let s(l) = 6*l**2 + 2*l - 1. Calculate the remainder when s(o) is divided by m.
19
Suppose -2*w + 4*w - 228 = 0. Calculate the remainder when w is divided by 28.
2
Let q(i) = -i**3 + 13*i**2 + 2*i - 1. Suppose -4*r - 17 = -69. Calculate the remainder when q(r) is divided by -26 + 28 + -1 + 12 + 1.
11
Let d(n) = -2 - 2 + 7 - 9 + 12*n. What is the remainder when 86 is divided by d(3)?
26
Suppose 40*i = 38*i + 3*d + 389, 0 = 4*i + 4*d - 748. Calculate the remainder when i is divided by 57.
19
Let p(k) = -18*k - 6. Let i be p(-6). Suppose -87 - i = -3*j. What is the remainder when j is divided by 32?
31
Let d(g) = -g**3 + 19*g**2 - 42*g + 33. Calculate the remainder when d(16) is divided by 30 + (0 + 2 - -1).
30
Suppose -12*l + 14*l = -40. What is the remainder when (335/l)/(5/(-20)) is divided by 23?
21
Let h(k) = -k**3 + 2*k**2 - 4*k + 46. What is the remainder when h(0) is divided by 22?
2
Suppose -11*n = -62 - 37. Calculate the remainder when 17 is divided by n.
8
Suppose -3*k + 42 = 3. What is the remainder when (-2)/(-1) + (1 - -18) + 3 is divided by k?
11
Let b(t) = 17*t - 7. Let k be b(8). Suppose -2*w + 47 = -f - 2*f, -5*w = 4*f - k. Calculate the remainder when 98 is divided by w.
23
Let f(d) = -2*d**2 + 7*d - 3. Let x be f(5). Let m = -14 - x. Let v(b) = b**3 - 10*b**2 + b - 4. What is the remainder when v(10) is divided by m?
2
Let a(g) = -g**3 + 4*g**2 + 5*g - 2. Suppose 86 = -10*q + 166. What is the remainder when a(4) is divided by q?
2
Let n(c) = 2*c**2 - 16*c - 147. What is the remainder when 140 is divided by n(-6)?
14
Let b(r) = 13*r**3 - 4*r**2 + 10*r - 7. What is the remainder when 905 is divided by b(2)?
97
Suppose -3*y + 6 = -2*l, 0 = -3*l - y - 0*y + 13. Let g be 1*(l - 315)/(-4). Suppose b = -4, b + g = 4*c - 6. What is the remainder when 79 is divided by c?
19
Let z = -26 - -16. Let c(i) = i**2 + 8*i + 4. Let s = 8 - -87. What is the remainder when s is divided by c(z)?
23
Suppose 11 = o - 10. Let l = 44 - o. Calculate the remainder when 43 is divided by l.
20
Suppose 56*t - 13392 = 20*t. Calculate the remainder when t is divided by 17.
15
Calculate the remainder when 38 is divided by (-14)/49 + 26/(-7) + 24.
18
Let s(r) = 4*r + 1. What is the remainder when (-47)/(-2) + (-7)/56*4 is divided by s(1)?
3
Suppose 2*h + 3*d - 39 = -0*h, 4*h - 80 = -4*d. Let n = h - 12. Suppose 5*r = p + 11, p = -r + 6*p + 7. Calculate the remainder when n is divided by r.
1
Let f be (-249)/(-3) - (-3)/(-1). Suppose -2*s + f = 22. Let v = -12 + s. Calculate the remainder when v is divided by 9.
8
Let a(d) = -d**2 + 7*d + 17. Let s(n) = 7*n - 34. Let j be s(6). What is the remainder when 33 is divided by a(j)?
6
Let z(s) = -34*s**3 + 2*s**2 - 4*s - 7. Calculate the remainder when z(-2) is divided by 96.
89
Let p(y) = 7*y**3 + 6*y - 6. What is the remainder when 118 is divided by p(1)?
6
Let f(z) be the third derivative of z**6/120 - z**5/15 - z**4/12 - z**3/6 - z**2. Suppose 5*c - 14 = 11. What is the remainder when 41 is divided by f(c)?
13
Let f(l) = -l**2 + 21*l - 60. What is the remainder when 239 is divided by f(16)?
19
Suppose 13*d = 5*d + 200. Let t = 48 - 32. Let u = d - t. Calculate the remainder when 26 is divided by u.
8
Suppose -2*l + 176 = -w - 3*w, 0 = -w - l - 47. Let f = 75 + w. Calculate the remainder when 147 is divided by f.
27
Let g(x) = x**3 - 13*x**2 - x - 142. Calculate the remainder when 188 is divided by g(14).
28
Let v = 23 - 21. Let f(u) = -5*u**2 + 13*u + 6 + 3*u**2 - 3*u**2 + 4*u**v. What is the remainder when 82 is divided by f(11)?
26
Suppose 5*z - 66 = r, -z + 7 = -4*r + 9. Calculate the remainder when 489 is divided by z.
13
Suppose l + 16*l - 799 = 0. Let k = 30 + -18. What is the remainder when l is divided by k?
11
Let n 